-81*c + 85*c - 4*l - 12 = 0, 1 = 3*c - 5*l. Let j(g) = -g**2 + 4*g - 3. Determine j(c).
-24
Let s(i) = -13*i + 0 + 1 - 3 + 9 - 3. Determine s(1).
-9
Let j = 63 - 90. Let l = -31 - j. Let p(i) = -i**3 - 3*i**2 + 4*i + 2. Give p(l).
2
Let x = -10 + 12. Suppose -x = 2*p - 3*l - 31, -2*p + 2*l + 24 = 0. Let n(w) = -w + 3. What is n(p)?
-4
Let v be 1/(-5 - (-66)/13). Suppose v = -w + 10, -w = -2*o + 9. Let b(u) be the first derivative of u**2/2 - 3*u - 1. Determine b(o).
0
Let j(h) = -11*h**3 + h**2 - 2*h - 5. Let o be j(-2). Let p be (-13)/(o/28) + -3 + 1. Let f(a) = -3*a - 8. What is f(p)?
10
Let v(g) be the second derivative of g**5/20 - g**4/4 + g**2/2 + 90*g. Determine v(4).
17
Let u be (-1)/(-2) + 9/(-6). Let y(a) be the third derivative of -3*a**6/40 - a**5/60 - a**4/24 - a**3/6 + 90*a**2. What is y(u)?
8
Let a(n) be the third derivative of -n**4/12 - n**3/6 - 4*n**2 + 5*n. Determine a(8).
-17
Let u(s) be the third derivative of -9*s**5/20 + s**4/8 - s**3/3 + 8*s**2 - 3*s. What is u(1)?
-26
Let t be 10/(-110)*-57 + (-2)/11. Let r(n) be the third derivative of -n**4/24 + n**3/2 - 2*n**2. Determine r(t).
-2
Let n(s) = 4*s + 4. Let v be (-6)/(3 - 1)*1. Determine n(v).
-8
Let j be 1109 + 3 + -6 + -1 + -2. Let o(y) = 27*y - 1102 - 4*y + j. What is o(-1)?
-22
Let o(v) = -v**2 + 3*v - 1. Let d(s) = -s + 2. Let u be d(0). Suppose u*c = 24 - 6. Suppose -c = -3*a - 0*a. What is o(a)?
-1
Let h(d) = -4*d**3 - 6*d**2 + 21*d - 9. Let z(b) = -5*b**3 - 6*b**2 + 23*b - 11. Let i(g) = -4*h(g) + 3*z(g). Determine i(2).
5
Suppose -7 - 5 = -2*b. Suppose 3*m = -3*h + b, -m + 4*h + 10 = m. Let g(y) = -y**2 + 4*y + 3. Calculate g(m).
6
Let b(v) be the second derivative of v**4/6 - v**3/6 - v**2 + 2*v - 18. Calculate b(-2).
8
Suppose 4*l - 16 = 4*k, 0*l - 2*l - 20 = 2*k. Let s(x) = -5*x**2 + 21*x + 9. Let u(d) = -2*d**2 + 10*d + 4. Let b(z) = k*u(z) + 3*s(z). Determine b(-7).
-1
Let d(i) = i**3 + i**2 - i - 1. Let p = 64 + -65. Determine d(p).
0
Let m(r) be the third derivative of -r**6/120 - r**5/60 - r**4/12 - r**3/6 + 61*r**2 + 2*r. Let c(z) = -3*z + 4. Let w be c(2). Calculate m(w).
7
Let c(n) be the second derivative of 1/12*n**4 + 4*n + 0 + 3/2*n**2 + 7/6*n**3. What is c(-7)?
3
Let f(t) = 3*t**2 - 10*t - 7. Let z(b) = -14*b**2 + 53*b + 37. Let p(l) = 11*f(l) + 2*z(l). What is p(-2)?
25
Let j(o) be the third derivative of -o**8/20160 + o**7/720 - 7*o**6/720 - o**5/6 + 9*o**2. Let n(a) be the third derivative of j(a). Determine n(8).
-15
Let s(d) = d**3 + 41*d**2 - 60*d**2 - 4 - 3*d + 21*d**2. Give s(-2).
2
Suppose 0 = -3*g - 6, -5*l - 3*g = -2 + 3. Suppose 4*u - 5*u = -l. Let h(y) = 5*y**3 + y - 1 + 2*y**2 + y - 3*y**2 + 0*y**3. Calculate h(u).
5
Let d(c) = -c**3 + 9*c**2 - 8*c + 3. Let n be d(8). Let y(v) = -9*v + 6. Let i(z) = -11*z + 7. Let x(o) = 4*i(o) - 5*y(o). Give x(n).
1
Suppose -2*n - 2*m + 28 = -4*m, 17 = n + 2*m. Let g(i) = i**3 - 14*i**2 - 14*i - 20. Determine g(n).
-5
Let z(r) = -18*r - 35. Let f(s) = -11*s - 23. Let p(x) = 8*f(x) - 5*z(x). Determine p(-3).
-15
Let b be 2 + (-147)/(-4) + (-14)/(-56). Suppose 34*d = b*d - 25. Let y(f) = f**3 - 6*f**2 + 6*f - 5. Calculate y(d).
0
Let i(u) = -7*u. Let c(h) = -3*h + 8. Let x(g) = -3*g + 7. Let y(j) = -4*c(j) + 3*x(j). Let p be y(4). Give i(p).
-7
Let d(o) be the second derivative of -o**3/6 + 7*o**2 - o. Calculate d(-7).
21
Let h(t) be the third derivative of t**4/12 - 5*t**3/6 - t**2 - 13*t. What is h(-4)?
-13
Suppose -14524*a - 84 = -14496*a. Let x(o) = 8*o - 3*o + 3 + 1. Give x(a).
-11
Let t(f) = f**3 - 6*f**2 - 2*f - 5. Let h(w) = 30*w**2 + 2*w - 2. Let r be h(1). Suppose -2*d - 2*j = -4*d + 18, -4*d + 2*j + r = 0. Determine t(d).
-17
Let c(p) = 2*p - 9. Let j(s) = -3*s + 1. Let o be j(-4). Let g(t) = -t + 5. Let x(w) = o*g(w) + 6*c(w). Let y be (-19)/(-4) + (-3)/(-12). Give x(y).
6
Let b(j) = 10*j + 1. Let l(n) = n**2 - 3*n + 3. Suppose -5*o = -5*k + 5, -5*o = 2*k + 3*k - 15. Let x be l(k). Let f be 3 + -3 + -1*x. Calculate b(f).
-9
Let g(v) = -v**3 + 6*v**2 - v + 8. Suppose 38*d + 8 = 42*d. Suppose -10 - 2 = -d*w. Give g(w).
2
Let j(n) = -n**2 + 4*n + 7. Let i(x) be the second derivative of x**3/6 + x**2/2 + 2*x. Let d(h) = 6*i(h) - j(h). Let z be (9/4)/3*-4. What is d(z)?
2
Let g(f) = -6*f**3 + f**2 - 1. Let v be g(-1). Let t = v + -4. Let m(b) = b + 2 + t - 5. Give m(2).
1
Suppose -5*i = 2*a - 7 - 4, 0 = -3*a - 3*i - 6. Let h(p) = -5*p**2 - 11*p - 3. Let l(q) = q**2 + q + 1. Let m(g) = -h(g) - 4*l(g). What is m(a)?
-1
Suppose 373*x = 375*x + 8. Let m(p) = -p**3 - 6*p**2 - 6*p - 4. What is m(x)?
-12
Suppose 0 = -11*r + 10*r + 4. Let w(h) = -20*h**2 + 21*h**2 - r*h + 2 - 2*h. Calculate w(4).
-6
Let n(r) = -30*r**3 + 6*r**2 - 6*r - 11. Let h(y) = -6*y**3 + y**2 - y - 2. Let l(k) = 11*h(k) - 2*n(k). Let g = -1 - -2. Calculate l(g).
-6
Let s(h) = -h**3 - 4*h**2 + 4*h + 1. Let u(x) = -x - 4. Let f be u(4). Let q be (11 + -1)*f/16. Calculate s(q).
6
Let f(u) be the second derivative of u**5/20 - 4*u**4/3 + 7*u**3/3 - 10*u**2 + 666*u. Calculate f(15).
-35
Let o(v) = -3 - 2*v**3 - 3*v**3 - v**3 + 2*v - 3*v. Let g(f) = f**3 - f**2 - f. Let t(z) = 5*g(z) + o(z). Calculate t(-4).
5
Let h(c) be the first derivative of -c**2/2 + 2*c - 843. Calculate h(10).
-8
Let t be (-5 - 4/(-2)) + 13. Let a be (-8)/6*15/t. Let j(p) = 35*p - 2 - 4*p**2 + 7*p**2 - 33*p. What is j(a)?
6
Let m(o) = 5*o**3 + 4*o**2 - 3*o - 7. Let x(w) = 2*w**3 + w**2 - w - 1. Let r(h) = m(h) - 3*x(h). Determine r(-2).
8
Let q be (-48)/10*10/(-3). Let r(a) = 14*a - a + 4 - q*a - a**2. Give r(-4).
0
Suppose 0 = -5*b + 12 - 7. Let k = -5 - -1. Let a be b/(-2)*(4 + k). Let i(t) = t - 2. What is i(a)?
-2
Let k(j) = j**2 + 6*j + 4. Let c = 40 + -38. Suppose -c*a = -7 + 19. Calculate k(a).
4
Let b(i) = -i**3 - i**2 - 2*i - 11. Let r be b(0). Let p(k) = k - 13. What is p(r)?
-24
Let q(c) be the first derivative of -c**5/120 - c**4/8 - 8*c**3/3 - 10. Let b(x) be the third derivative of q(x). Give b(3).
-6
Let x(w) = -w**3 + 4*w**2 - w + 3. Suppose 4*s + 7 = 19. Suppose -s*h - 1 = -25. Let i = -5 + h. Determine x(i).
9
Let y(j) = 60*j**2 + j**3 + 0*j**3 + j - 150*j**2 + 25 + 90*j**2. Give y(0).
25
Let w(a) be the second derivative of a**3/6 + 3*a**2/2 - 7*a. Suppose 2*m + 5*h = 35, -3*m - 2*h + 47 = -0*h. Suppose -3*y = m + 3. Give w(y).
-3
Let x = -134 - -137. Suppose -x*o = 35 - 8. Let z(p) = 3*p + 13. What is z(o)?
-14
Let w(b) be the second derivative of 2*b - 1/6*b**3 + 0 - 1/2*b**2. Calculate w(3).
-4
Let s(a) = 2*a**3 - 17*a**2 - 9*a - 21. Let u(r) = -11 + 1 - 5*r + 386*r**2 - 394*r**2 + 3*r**3 - 2*r**3. Let c(b) = 2*s(b) - 5*u(b). Give c(7).
8
Let g(d) = -5*d + 187*d**3 + 6 - 7*d**2 - 366*d**3 + 178*d**3. Give g(-7).
41
Let n(w) = -w**2 - 2*w + 4. Let u = 30 + -30. Suppose 9*c + 6 + 30 = u. Give n(c).
-4
Let t(y) = -y**2 + 9*y - 10. Suppose 0 = -8*k + k - 42. Let z be ((-2)/k)/((-2)/(-42)). Determine t(z).
4
Let x(w) = -2*w + 80 - 43 + w - 41. Suppose -2*l = -3 - 9. Suppose 4*n = n + 5*a - l, 2*n - 3*a = -5. Give x(n).
3
Suppose 0*m = 2*m - 14. Let r(s) be the first derivative of s**4/4 - 7*s**3/3 - s**2/2 + 10*s - 467. Calculate r(m).
3
Let t be (1/2*0)/2. Let c(h) be the second derivative of -h**3/6 - 3*h**2 - 42*h. Give c(t).
-6
Let f(l) = 47*l**3 - 4*l**2 + 5*l + 7. Let n(x) = -23*x**3 + 2*x**2 - 2*x - 3. Let z(i) = 2*f(i) + 5*n(i). Give z(-1).
22
Let k(i) = -5*i**2 - 21*i + 15. Let n(t) = -t**2 - 4*t + 3. Let a(g) = 2*k(g) - 11*n(g). Calculate a(2).
5
Let l(a) = -3*a + 9. Suppose 4*g - 25 = -5. Suppose 22 = r + g*x, -7*r + 5*x - 10 = -2*r. Suppose -2*v + 3*h = r*v - 21, 3*v = -2*h + 20. Give l(v).
-9
Let k(i) be the first derivative of i**6/120 + 7*i**5/60 - i**4/3 + 2*i**3/3 + 7*i**2/2 - 27. Let s(f) be the second derivative of k(f). Give s(-8).
4
Suppose -36*r - 31 = -37*r. Let s(d) = -3*d + 4*d + 31 - r. What is s(1)?
1
Let n(w) = -2*w**2 + 4*w. Suppose -5*a + 0*a = 95. Let s = -16 - a. Determine n(s).
-6
Let p(z) = -2*z - 8. Let x(n) = n**3 + 7*n**2 + 3*n + 1. Let y be x(-5). Suppose w - y = 4*w. Let d = w + 6. Calculate p(d).
4
Let u(b) = 2*b**2 - 9*b + 6. Let f(m) = -m**2 + m. Suppose 4*x = -0 - 4. Let j(a) = x*u(a) - f(a). Let c = 20 - 12. Calculate j(c).
-6
Let k = -97 - -81. Let p(y) = -y**2 - 18*y - 23. Determine p(k).
9
Sup